te?
False
Let x = -338653 + 516680. Is x a prime number?
False
Let m(j) = j**2 + 2*j - 2. Let u(v) = -3*v**2 - 2*v + 4. Let g(k) = 5*m(k) + 2*u(k). Let z be g(5). Is (-1597)/(-4)*(z - (-6)/6) composite?
False
Suppose 6*a + 2194 + 1364 = 0. Is (-1 + -5 - a)*1 a composite number?
False
Let j(z) = 1478*z + 75. Let h be j(2). Suppose -n = 5*a - 5037, 3*a + n + 4*n - h = 0. Is a a prime number?
False
Suppose -2*q + 7*q = 2*y + 37, -4*y - 9 = 3*q. Let g be y/(-1) + (-4)/(8/6). Suppose g*s = -3*m + 1674, -4*m - 14 = 6. Is s prime?
True
Let h be 2 - 6/9*6. Let p = 1879 + -2781. Is (-2)/h - (-2 + p) - -2 prime?
True
Let f(a) be the first derivative of 429*a**2/2 - 34*a + 35. Is f(3) a prime number?
False
Let f(u) be the third derivative of 1877*u**5/30 + 31*u**4/24 - 5*u**3/6 - 184*u**2. Is f(2) a composite number?
False
Let o(q) be the first derivative of 382*q**3/3 + 1. Is o(-1) prime?
False
Is (-20 + 22 - 458745/(-4)) + (-42)/(-56) prime?
True
Suppose -5532760 = -107*r + 2968069. Is r composite?
True
Let b(w) = 8*w**2 - 34*w - 22. Let p be b(20). Let h = 5425 - p. Is h prime?
True
Let a(q) = -671*q**3 + 2*q**2 - 182*q - 1. Is a(-10) composite?
False
Let c(y) = 10*y - 8. Let q be c(2). Let g = q + -24. Is g/((-15)/5 - (-2 - -1)) prime?
False
Is (-1)/(-12*(-22)/(-99395736)) composite?
True
Suppose 236*y = 123*y + 121*y - 1419944. Is y composite?
False
Let y = -41025 + 305332. Is y a prime number?
False
Let r = 357 + -348. Suppose r*k + 7914 = 11*k. Is k prime?
False
Suppose 67*r - 1839656 - 3024489 = 12*r. Is r a composite number?
True
Let x(j) = 501*j**2 - 154*j + 2122. Is x(24) a prime number?
False
Let c = -895 - -893. Is ((-2361)/(-15))/(c/(-10)) prime?
True
Let x = -107 - -125. Suppose x*o - 21811 = -4225. Is o a prime number?
True
Suppose 5*h - m - 290 = 0, 5*m = -40 + 15. Let a = h + -58. Is -7 + 6 - 1824/a composite?
False
Let c = -115 + 206. Let v = c - 85. Suppose 2*m - v*m + 2321 = g, -5*g + 2*m = -11671. Is g a prime number?
True
Suppose -3*p - 5*n + 12 = -7*p, 0 = p - 4*n + 14. Suppose -3*h + 4*b - 8*b + 1107 = 0, p*b = -2*h + 740. Is h a composite number?
False
Let j = 197791 - 4368. Is j a prime number?
True
Suppose 3*g - 5*g - 8 = 4*h, -g - 4 = 3*h. Suppose h = -w + 2*w - 4. Suppose 3*d - w*t - 1639 = 0, 0 = 4*d - t + 2*t - 2179. Is d prime?
False
Suppose -2*q + 11612 = 3*v - 28493, 4*q = -5*v + 80209. Is q a prime number?
True
Let r be 55*(-20)/(-50) - -1*5. Suppose 26*a = r*a - 1535. Is a a prime number?
False
Is 13642 + ((-288)/(-224) - (-2)/(-7)) a composite number?
True
Suppose 4*u - 17 = -y, 3*u = u - 4*y + 26. Suppose 0 = -7*i - u*i - 3480. Let h = i - -2017. Is h a composite number?
False
Is -3*((-2018210)/(-20))/(3/(-2)) a composite number?
False
Let p = 41239 - 180. Is p a composite number?
True
Let g(f) = -4199*f + 4. Let q be g(2). Let o = 14249 + q. Is o prime?
False
Let a = -158 + 94. Let l = a - -109. Let r = 418 - l. Is r a prime number?
True
Let x(w) = -w**3 + 9*w**2 - 15*w + 10. Let r be x(7). Suppose -r*q - 3*m = -5*m - 5, -8 = -2*q - m. Is q/(-2)*12/54*-2199 a composite number?
False
Is ((-1270685)/(-10) - -2)/(-8 - (-324)/40) prime?
False
Suppose 5*a - 2*v - 5 = 3*v, -2*a = 4*v + 16. Let y be 108/20 + a + 9/15. Suppose -5*z = -k + 953, -y*k + 2560 = 3*z - 1252. Is k a prime number?
True
Let s = -89867 - -56593. Is (-8)/12 - s/6 a prime number?
False
Let f(h) = 22*h - 153. Suppose -555 = -17*o + 142. Is f(o) a prime number?
False
Suppose 51 = 7*x - 89. Let f be 0/((-8)/x*-5). Suppose -4*b - b + 2915 = f. Is b composite?
True
Let i be (-2 + 28)*689/(-1). Is (-24)/108 + (i/(-18) - 0) composite?
True
Suppose 0 = 8*p - 34*p + 156. Suppose -p*i + 9489 = -3*i + 2*z, i - 3163 = -2*z. Is i prime?
True
Let u(o) = -29*o - 6. Let z be u(-3). Let x = z + -517. Let v = x - -729. Is v composite?
False
Let h = 51028 - -94865. Is -4*(h/(-12))/11 prime?
True
Let n(x) = 2*x**3 + 38*x**2 - 18*x + 37. Let q(s) = 18*s**3 + 2*s + 2. Let o = -19 + 18. Let u be q(o). Is n(u) composite?
False
Let v(h) be the first derivative of -4*h**4 - 12 + 1/2*h**2 + 7*h - h**3. Is v(-2) a composite number?
True
Let b(k) = -20*k - 55. Let q be b(-3). Suppose q*n - 1589 = 3*l - l, -2*n - 5*l + 624 = 0. Is n prime?
True
Let z = 115 - 92. Let u(w) = -z*w + 9 + 249*w**2 + 2 + 16*w. Is u(2) a prime number?
False
Is (4 - (9 + -17)) + -4 + (682647 - 0) a prime number?
False
Let k(w) = -38*w**3 - 10*w + w**2 + 15 + 10*w**2 + 88*w**3 - 13*w**2. Is k(4) composite?
True
Let f(x) = -2*x**2 - 30*x - 21. Let r be f(-15). Let p be (-5468)/(-10) + (-4 - r/5). Let y = 1214 - p. Is y a composite number?
True
Suppose 11*w = -5*a + 8*w + 736370, 736335 = 5*a - 4*w. Is a a prime number?
False
Let s = -501 + -1082. Suppose 2*b - 275 = -2483. Let r = b - s. Is r composite?
False
Let k be 8/36 - (-20570)/18. Let h be (-23)/(-138) - 47/(-6). Suppose -h*n + 11*n = k. Is n prime?
False
Suppose -10*t + 16 = -44. Suppose -12 = 3*l, -t*c + 10*c = -l + 6168. Is c prime?
True
Let b be (24/(-16))/(1/(-20)). Is 866865/b + ((-1)/(-2) - 1) composite?
True
Let b(g) = -5*g - 4. Let a(w) = -7*w + 4*w + 2 - 3 + 4*w. Let p(n) = -3*a(n) - b(n). Is p(6) composite?
False
Let m = 442 + -442. Is (10 + -4 - m) + 535 prime?
True
Let k(x) = x**2 - 7*x + 9. Let l be k(4). Let s be 18/(-15)*(-20)/l - -2. Is (s - (5 - -224))*1*-1 a prime number?
False
Suppose 0 = -131*i + 111*i + 5596580. Is i a prime number?
False
Let r be (1/(-3))/((-14)/(-252)). Let c(i) = -i**2 - 6*i + 4. Let p be c(r). Suppose 0 = 4*q + p*d - 15036, -2*d - 3747 = -q - 0*d. Is q prime?
False
Let n be ((-20)/(-60))/(2/24). Let b(o) = n*o + 72 + 5*o**2 + o + 27*o**3 - 77. Is b(4) composite?
False
Let k = -93 - -90. Is (6/(-12))/((6/2084)/k) a composite number?
False
Let j(k) = -840*k - 4667. Is j(-24) composite?
False
Let x = -46 + 48. Suppose p + 19 = x. Let y(c) = 3*c**2 + 26*c - 22. Is y(p) a composite number?
True
Let x(d) be the first derivative of 1/4*d**4 + 10 + 20/3*d**3 + 25/2*d**2 + 11*d. Is x(-18) prime?
False
Let j(o) be the first derivative of -4*o**3 + 5*o**3 - 8 - 19*o + 3*o**2 - 11*o. Is j(-11) a composite number?
True
Suppose x + 116361 = 5*g - 4*g, 2*x + 465436 = 4*g. Is g a composite number?
True
Let c(f) be the first derivative of -2*f**3/3 - 2*f**2 + 2537*f + 88. Is c(0) prime?
False
Suppose 2177 = x + 4*k, 5*x + 3*k - 2*k - 10980 = 0. Let n = 3954 - x. Is n prime?
False
Let x = -15 - -23. Suppose k - h = 2*h + 12, -2*h - x = 5*k. Suppose k = o - 260 - 186. Is o prime?
False
Suppose 6*s + 88 = 8*s + 4*a, 40 = s + a. Suppose 11586 = s*g - 30*g. Is g a composite number?
False
Let k(s) = -363*s**3 + 5*s**2 - 45*s + 1. Let t be k(6). Let r = -53076 - t. Is r a composite number?
True
Let b = -557 + -2363. Let f = b + 6083. Is f composite?
False
Let i(w) be the second derivative of w**4/6 - w**2 + 9*w. Let o be i(0). Is (o/6*3)/((-2)/3386) a prime number?
True
Let y(p) = -18 + 13*p + 215*p + 8 - 14. Let h be y(13). Let c = h + -1678. Is c prime?
False
Suppose -9*g - 554226 + 3074073 = 0. Is g composite?
True
Let y = -1128628 - -2980975. Suppose -y = -31*v - 18*v. Is v composite?
True
Let t(p) = -132*p**3 - 3*p**2 + 39*p - 125. Is t(-9) prime?
False
Let h be 1/6 - (1 - (-70)/(-12)). Suppose -5*z + 4*b + 20 = h*b, 2*z + 3*b + 5 = 0. Suppose -z*v + 4*n + 903 = 0, -22 = -v - n + 155. Is v a prime number?
True
Let w(s) = 305315*s**2 - 45*s - 84. Is w(-2) prime?
False
Suppose -5*v + a + 3098 = -13602, -3*a = 15. Suppose 0 = 2*r - v + 617. Is r prime?
True
Is 466072326/6202 + (-4)/6 + (-20)/(-21) prime?
True
Let d be (-15)/(-10)*-3*6. Let h = 31 + d. Is (h + 3268 - -1) + -3 + 1 prime?
True
Is (19 - (-915671)/(-51))/(4/(-6)) prime?
True
Let m(i) = 2*i**2 - 64*i + 2. Let t be m(32). Suppose -4*q + 22330 = -0*q + 2*g, 11168 = 2*q + t*g. Is q a prime number?
True
Suppose -140*i = -238*i + 101659222. Is i a prime number?
True
Let p = -453578 + 799191. Is p composite?
True
Suppose -2*u = 4*v - 833760, -5*v - 163*u + 1042215 = -168*u. Is v composite?
False
Suppose 6*t = 17*t - 7788. Suppose 3*u - 357 = z, -2*z - t = -u - 3*u. Let w = z + 599. Is w composite?
False
Suppose 115906 = 18*r - 74066. Suppose 45*d = 51*d - r. Is d prime?
True
Suppose -3*i = 5*v - 112578 - 306266, 4*i + 28 = 0. Is v prime?
True
Let r = -83 + 143. Is 16824